 11. Let g be d(k). Suppose 5*s = 2*x - g*x + 222, -16 = 4*x. What is the units digit of s?
6
Let q = -55270 + 80649. What is the ten thousands digit of q?
2
Suppose 942 = -4*y + 9*q - 7*q, 3*y = 3*q - 708. What is the hundreds digit of (-5134)/(-10) + -2 - 141/y?
5
Suppose 18369 = -155*d + 541714 + 60850. What is the hundreds digit of d?
7
Let q = 280 - 249. Suppose -486 = q*v - 32*v. What is the tens digit of v?
8
Let q(z) = 6*z - 11. Let h be q(3). Suppose h*a - 2241 = 132. What is the tens digit of a?
3
Let k = 109 + -79. What is the tens digit of ((-96)/(-15))/(1/k)?
9
Suppose 1604*w = 1595*w + 57420. What is the tens digit of w?
8
Suppose -5*y = -3*m - 92353, -3*y - 5*m = -42331 - 13108. What is the tens digit of y?
7
Suppose -3*j = 3*j - 14388. Suppose -3*g - 506 = -m - j, 0 = 4*g - 4*m - 2536. What is the tens digit of g?
2
Let g(v) = 58*v**2 - 44*v - 1195. What is the units digit of g(-20)?
5
Suppose 0 = -4*x - 3*n + 36313, 2*n = 2*x - 17504 - 656. What is the hundreds digit of x?
0
Let b(x) = -x**3 + 12*x**2 + 7*x + 17. Let d be b(11). What is the units digit of d - ((4/(-2) - -4) + 0)?
3
Suppose 4 - 2 = h, z + 4*h = -16. What is the units digit of 32408/56 + (2 - z/(-14))?
9
Let v = 56 - 47. Suppose 0 = -14*k + v*k + 345. What is the units digit of k?
9
Let x(n) = -n + 30851. What is the units digit of x(0)?
1
Suppose -500*x + 558551 = -2500449. What is the hundreds digit of x?
1
Suppose -4*o + 32 = 3*f, -57 = -f - 4*f - 3*o. What is the hundreds digit of (-558)/(-4) + (-30)/f?
1
Suppose -5*a - 4*k = 484, 5*a - 3*k = -238 - 239. What is the tens digit of 53*5 + a/(-16)?
7
Let p = 9287 - 5790. What is the tens digit of p?
9
Let x(q) = -q**3 - 4*q**2 + 3*q - 31. Let t be x(-7). Suppose -4*j + 484 = 4*n, t = -n - 4*j + 222. What is the tens digit of n?
1
Suppose x + o = 275, 4*o - 301 = -2*x + 253. Let b = x - 260. What is the units digit of b?
3
Let n(v) = 44*v + 114. Let q be n(-3). Let f(j) = -73*j + 114. What is the hundreds digit of f(q)?
4
Suppose 0 = -4*o + k + k + 324, 0 = 5*o + 3*k - 394. Let c be 7 + 388/(2/1). Let z = c - o. What is the units digit of z?
1
Let y(v) = 7*v**2 + 7*v + 2. Suppose -5*h = 4*h - 675. Let n = 69 - h. What is the hundreds digit of y(n)?
2
Suppose 2*q = -d + 25680, -78*d + 75*d = 3*q - 38529. What is the hundreds digit of q?
8
Let n(g) be the first derivative of -1/4*g**4 - 3/2*g**2 + 127*g - 26 + 1/3*g**3. What is the tens digit of n(0)?
2
Suppose -8*o - 4*m - 442 = -10*o, 0 = 2*o - 2*m - 448. What is the tens digit of o?
2
Let y be (-2)/12*3 + 410/4. Let b = -99 + y. Let f(k) = 34*k + 12. What is the hundreds digit of f(b)?
1
Let k(s) = 21*s + 5 - 9*s - 8*s. Let l be k(0). Suppose -l*t + 2*t + 8 = -5*r, t = 3*r - 4. What is the units digit of t?
1
What is the ten thousands digit of (-33 - -12066) + (-13)/(78/(-36))?
1
Suppose -5*m = 4*o - 230, 3*m - 3*o = 2*o + 175. Let z(q) = 20*q + 43. Let b be z(-3). Let w = m + b. What is the tens digit of w?
3
Suppose 3*w = -c - 93, -5*w = 5 + 10. Let m = c + 577. What is the tens digit of m?
9
Let o(w) = 12*w**3 - 164*w**2 - 19*w + 5. What is the ten thousands digit of o(18)?
1
Let w = 1951 + 28708. What is the tens digit of w?
5
What is the units digit of ((-2 + (-13)/(-3))*-1)/((-20)/163800)?
0
Suppose 479850 = -1580*c + 1630*c. What is the tens digit of c?
9
What is the ten thousands digit of -1 - 2 - (-53193 + 37/((-370)/120))?
5
Let a be 7/(84/1420) + 4/6. Suppose -2473 = -3*g + 5*v, g - 2*v - 704 - a = 0. What is the units digit of g?
1
Let p(s) = 4 + 1 - 3 + 20*s. Let j = -170 - -173. What is the tens digit of p(j)?
6
Suppose -1613 + 18518 = 5*i. What is the hundreds digit of i/(-6)*(-2)/(-2)*-2?
1
Let r = -6105 + 8664. What is the units digit of r?
9
Let n be (-71)/2 - (-1)/(-2). Let z = -49 + 15. Let l = z - n. What is the units digit of l?
2
Suppose 0 = -61*f - 77*f + 2968794. What is the ten thousands digit of f?
2
Let j(b) = 6*b**2 - 27*b - 976. What is the hundreds digit of j(38)?
6
Let m(n) = 12*n**3 - 4*n**2 - 16*n - 66. What is the ten thousands digit of m(14)?
3
Let i(t) = 11*t**2 - 4*t - 1. Let r(z) = -z + 19. Let m be r(20). Let k be i(m). Let y(b) = -b**3 + 12*b**2 + 31*b. What is the units digit of y(k)?
2
What is the tens digit of ((-1062)/(-12))/((-3)/(-1104)*2)?
8
Suppose -6*x = x + 336. What is the units digit of (220/(-80))/(1/x)?
2
Let r be 12/(-2) + (-7 - -7)/(-5). Let b(i) = -236*i + 250. What is the tens digit of b(r)?
6
Suppose -5*k + c + 75021 = 31044, -5*k + 4*c = -43953. What is the units digit of k?
7
Suppose -5*x - 13*y + 24102 = -16*y, 0 = -5*x + 4*y + 24096. What is the units digit of x?
4
Let x be 205 + 0 + (1 - -1). Suppose 3*q - 445 = -2*i, -q - 4 = -4*i - 143. Let u = x - q. What is the tens digit of u?
6
Let f(u) be the second derivative of -11/2*u**2 + 11/6*u**3 + 0 - 10*u. What is the units digit of f(4)?
3
Let m be 9/(-3) - (-7 + 8). Let h be -3*-2*m/4. What is the tens digit of (h - 80)*3/(-3)?
8
Suppose 0 = 6*a + 9*a - 30. Suppose z - 5*z = 5*r - 847, 0 = a*z + 5*r - 431. What is the hundreds digit of z?
2
Let x(i) = -848*i + 166. What is the units digit of x(-12)?
2
Let a be (2/4*17)/(2/4). Suppose -5270 = -a*h - 561. What is the hundreds digit of h?
2
Let n(q) = 7*q**2 - 29*q + 2. Let l(w) = -20*w**2 + 87*w - 6. Let b(f) = 6*l(f) + 17*n(f). What is the units digit of b(13)?
6
Let s be 31/(-62) + (-23)/2. Let r(p) = -15*p + 272. What is the units digit of r(s)?
2
Suppose -4*l + 0 = 5*w - 23, 15 = 5*w. Suppose 0 = -2*t + 10, t - 3420 = -7*b + l*b. What is the tens digit of b?
8
Let u be 6*-50*(-7)/(-28). Let n = u + 226. What is the tens digit of n?
5
Let h(j) = 2*j**2 - 13*j + 21. Let r be h(7). What is the tens digit of (-43*r/(-2))/(-13 - -15)?
0
Let o(p) = p**2 - 12*p - 21. Let g be o(15). Let r = g - 32. Let u(a) = -a**3 - 6*a**2 + 6*a + 1. What is the units digit of u(r)?
1
Suppose 0 = 10275*z - 10259*z - 84576. What is the tens digit of z?
8
Suppose -144 = 19*g - 13*g. Let l be (-28 - g) + 7 + (-1)/1. What is the units digit of (9 - -203)/(3 - l)?
2
Suppose 5*j - 952 = 3*j - 6*n, 0 = -3*j - 4*n + 1423. Suppose -4*w = -2187 - j. What is the units digit of w?
5
What is the thousands digit of (-84230)/6*(-486)/405?
6
Suppose -14*h = -94 - 578. Let s = 427 - h. What is the units digit of s?
9
Let c be (-2 - -113)/((-24)/(-112)). Suppose 8*m - 386 = c. Let s = -35 + m. What is the tens digit of s?
7
Let r(h) = -h**3 - 2*h**2 + 25. Let w be 10 - 5 - 6 - -1. Let z be r(w). Suppose -2*y - 3*l - 2 = -7*l, -l = 3*y - z. What is the units digit of y?
7
Suppose -3*y - 8*t = -3*t + 1531, -2*y - 2*t - 1014 = 0. Let a = 1233 + y. Let p = a - 520. What is the hundreds digit of p?
2
Let y(r) = -503*r - 2. Let o be y(2). Let h = -583 - o. What is the hundreds digit of h?
4
What is the hundreds digit of (-7 - -3515)/(-2)*(-5 + (6 - 5))?
0
Let f(p) = -6 + 12*p + 386 + 25*p + 48*p. What is the tens digit of f(7)?
7
Suppose -a = 4*u - 10, a - 5*u = -10*u + 12. Suppose 0 = -3*k - 5*w - 136, a*w = -w - 6. Let m = 59 + k. What is the units digit of m?
7
Suppose 3*v - 23 = -23. Suppose c + v*c + 2 = 0. What is the units digit of (15 - 13)/(c/(-131))?
1
Let w(j) = 3*j**3 + 4*j**2 + 23*j - 13. Let c be w(15). Suppose c + 487 = 21*r. What is the hundreds digit of r?
5
Suppose 751 = -9*l + 175. Let z = 69 + l. Suppose -15 = z*m, -m - 2*m = 3*n - 183. What is the tens digit of n?
6
Suppose 0*h - 5*h - 20 = 0. Let c be (-1)/((-26)/h) - 12876/(-39). Suppose -310 = -5*v - 2*w + w, 0 = 5*v - 3*w - c. What is the tens digit of v?
6
Let y(o) = o**2 + 37*o + 106. Let p be y(-34). Suppose -1698 = -p*v + 5*f, 3*v - 4*f - 612 = 662. What is the units digit of v?
2
Suppose 41*r = 81*r - 660000. What is the hundreds digit of r?
5
Let z(q) = -5*q - 30. Let m be z(-7). Suppose -2*u + 5*r + 29 = 0, 7*u - 2*u - m*r = 110. What is the units digit of u?
7
Let z(l) = -l + 39. Let r be z(0). Let d = -36 + r. Suppose -3*i = d*o - 105, -2*o - o + 104 = 2*i. What is the units digit of o?
4
Let c be (-1)/(-2) + -1 - (-9040)/160. What is the units digit of 2*(-7)/(c/12) - -226?
3
Let u(i) = 23*i + 9. Suppose 29*d - 90 = 20*d. What is the hundreds digit of u(d)?
2
Suppose -4*n - 84 = -104. Suppose -b = n*b - 1908. Suppose 3*w = 363 + b. What is the tens dig